{"id":2080,"date":"2022-10-27T07:49:06","date_gmt":"2022-10-27T07:49:06","guid":{"rendered":"https:\/\/alttoggenburg.ch\/?page_id=2080"},"modified":"2022-12-21T19:54:46","modified_gmt":"2022-12-21T19:54:46","slug":"cd-verkauf","status":"publish","type":"page","link":"https:\/\/staging.kinderjodelchoerli.ch\/index.php\/cd-verkauf\/","title":{"rendered":"CD-Verkauf"},"content":{"rendered":"\n<div class=\"wp-block-columns is-layout-flex wp-container-core-columns-is-layout-9d6595d7 wp-block-columns-is-layout-flex\">\n<div class=\"wp-block-column is-layout-flow wp-block-column-is-layout-flow\">\n<figure class=\"wp-block-image size-full\"><img loading=\"lazy\" decoding=\"async\" width=\"800\" height=\"800\" src=\"https:\/\/staging.kinderjodelchoerli.ch\/wp-content\/uploads\/2022\/10\/CD-TraditionUeberraschendFrisch.png\" alt=\"\" class=\"wp-image-2086\" srcset=\"https:\/\/staging.kinderjodelchoerli.ch\/wp-content\/uploads\/2022\/10\/CD-TraditionUeberraschendFrisch.png 800w, https:\/\/staging.kinderjodelchoerli.ch\/wp-content\/uploads\/2022\/10\/CD-TraditionUeberraschendFrisch-300x300.png 300w, https:\/\/staging.kinderjodelchoerli.ch\/wp-content\/uploads\/2022\/10\/CD-TraditionUeberraschendFrisch-150x150.png 150w, https:\/\/staging.kinderjodelchoerli.ch\/wp-content\/uploads\/2022\/10\/CD-TraditionUeberraschendFrisch-768x768.png 768w, https:\/\/staging.kinderjodelchoerli.ch\/wp-content\/uploads\/2022\/10\/CD-TraditionUeberraschendFrisch-250x250.png 250w, https:\/\/staging.kinderjodelchoerli.ch\/wp-content\/uploads\/2022\/10\/CD-TraditionUeberraschendFrisch-270x270.png 270w\" sizes=\"auto, (max-width: 800px) 100vw, 800px\" \/><\/figure>\n<\/div>\n\n\n\n<div class=\"wp-block-column is-layout-flow wp-block-column-is-layout-flow\">\n<p><strong>Unser neustes Werk &#8222;Tradition &#8211; \u00dcberraschend &#8211; Frisch&#8220; ist verf\u00fcgbar!<\/strong><br>Bitte f\u00fcllen Sie das Formular aus, damit wir Ihnen unsere CD zustellen k\u00f6nnen.<\/p>\n\n\n<div style=\"gap: 20px;\" class=\"align-button-center ub-buttons orientation-button-row ub-flex-wrap wp-block-ub-button\" id=\"ub-button-a3c26292-c744-4408-a27e-4dc4d7a693bd\"><div class=\"ub-button-container\">\n\t\t\t<a href=\"#trenner\" target=\"_self\" class=\"ub-button-block-main  \" role=\"button\" style=\"--ub-button-background-color: #0693e3; --ub-button-color: #ffffff; --ub-button-border: none; --ub-button-hover-background-color: #cf2e2e; --ub-button-hover-color: #ffffff; --ub-button-hover-border: none; padding-top: 10px; padding-right: 10px; padding-bottom: 10px; padding-left: 10px; border-radius: 10px; \">\n\t\t\t\t<div class=\"ub-button-content-holder\" style=\"flex-direction: row\">\n\t\t\t\t\t<span class=\"ub-button-icon-holder\">\n\t\t\t\t<svg xmlns=\"http:\/\/www.w3.org\/2000\/svg\" height=\"30\" width=\"30\" viewbox=\"0 0 512 512\">\n\t\t\t\t\t<path fill=\"currentColor\" d=\"M471.6 21.7c-21.9-21.9-57.3-21.9-79.2 0L362.3 51.7l97.9 97.9 30.1-30.1c21.9-21.9 21.9-57.3 0-79.2L471.6 21.7zm-299.2 220c-6.1 6.1-10.8 13.6-13.5 21.9l-29.6 88.8c-2.9 8.6-.6 18.1 5.8 24.6s15.9 8.7 24.6 5.8l88.8-29.6c8.2-2.8 15.7-7.4 21.9-13.5L437.7 172.3 339.7 74.3 172.4 241.7zM96 64C43 64 0 107 0 160V416c0 53 43 96 96 96H352c53 0 96-43 96-96V320c0-17.7-14.3-32-32-32s-32 14.3-32 32v96c0 17.7-14.3 32-32 32H96c-17.7 0-32-14.3-32-32V160c0-17.7 14.3-32 32-32h96c17.7 0 32-14.3 32-32s-14.3-32-32-32H96z\">\n\t\t\t\t<\/path><\/svg>\n\t\t\t<\/span><span class=\"ub-button-block-btn\">Direkt zum Bestellformular<\/span>\n\t\t\t\t<\/div>\n\t\t\t<\/a>\n\t\t<\/div><\/div><\/div>\n<\/div>\n\n\n\n<h2 class=\"wp-block-heading\">H\u00f6ren Sie hier ein &#8222;M\u00fcsterli&#8220; von unserer neuen CD:<\/h2>\n\n\n\n<div class=\"wp-block-columns are-vertically-aligned-center is-layout-flex wp-container-core-columns-is-layout-9d6595d7 wp-block-columns-is-layout-flex\">\n<div class=\"wp-block-column is-vertically-aligned-center is-layout-flow wp-block-column-is-layout-flow\"><\/div>\n<\/div>\n\n\n\n<div class=\"wp-block-columns are-vertically-aligned-center is-layout-flex wp-container-core-columns-is-layout-9d6595d7 wp-block-columns-is-layout-flex\">\n<div class=\"wp-block-column is-vertically-aligned-center is-layout-flow wp-block-column-is-layout-flow\">\n<figure class=\"wp-block-audio\"><audio controls src=\"https:\/\/staging.kinderjodelchoerli.ch\/wp-content\/uploads\/2022\/09\/Jubilaeumslied25Jahre.mp3\"><\/audio><\/figure>\n<\/div>\n\n\n\n<div class=\"wp-block-column is-vertically-aligned-center is-layout-flow wp-block-column-is-layout-flow\">\n<p style=\"font-size:15px\"><strong>Jubil\u00e4umslied<\/strong> &#8211; Kinderjodelch\u00f6rli Mosnang<br>Nach der Melodie von \u00abMay the Wellerman\u00bb Text: Jolanda Segm\u00fcller<\/p>\n<\/div>\n<\/div>\n\n\n\n<hr class=\"wp-block-separator has-alpha-channel-opacity is-style-default\" id=\"trenner\"\/>\n\n\n\n<h3 class=\"wp-block-heading\" id=\"bestellformular\">CD-Bestellformular<\/h3>\n\n\n\n<div class=\"wp-block-contact-form-7-contact-form-selector\">\n<div class=\"wpcf7 no-js\" id=\"wpcf7-f2152-o1\" lang=\"de-DE\" dir=\"ltr\" data-wpcf7-id=\"2152\">\n<div class=\"screen-reader-response\"><p role=\"status\" aria-live=\"polite\" aria-atomic=\"true\"><\/p> <ul><\/ul><\/div>\n<form action=\"\/index.php\/wp-json\/wp\/v2\/pages\/2080#wpcf7-f2152-o1\" method=\"post\" class=\"wpcf7-form init\" aria-label=\"Kontaktformular\" novalidate=\"novalidate\" data-status=\"init\">\n<fieldset class=\"hidden-fields-container\"><input type=\"hidden\" name=\"_wpcf7\" value=\"2152\" \/><input type=\"hidden\" name=\"_wpcf7_version\" value=\"6.1.3\" \/><input type=\"hidden\" name=\"_wpcf7_locale\" value=\"de_DE\" \/><input type=\"hidden\" name=\"_wpcf7_unit_tag\" value=\"wpcf7-f2152-o1\" \/><input type=\"hidden\" name=\"_wpcf7_container_post\" value=\"0\" \/><input type=\"hidden\" name=\"_wpcf7_posted_data_hash\" value=\"\" \/><input type=\"hidden\" name=\"_wpcf7cf_hidden_group_fields\" value=\"[]\" \/><input type=\"hidden\" name=\"_wpcf7cf_hidden_groups\" value=\"[]\" \/><input type=\"hidden\" name=\"_wpcf7cf_visible_groups\" value=\"[]\" \/><input type=\"hidden\" name=\"_wpcf7cf_repeaters\" value=\"[]\" \/><input type=\"hidden\" name=\"_wpcf7cf_steps\" value=\"{}\" \/><input type=\"hidden\" name=\"_wpcf7cf_options\" value=\"{&quot;form_id&quot;:2152,&quot;conditions&quot;:[{&quot;then_field&quot;:&quot;gruppe-preis1&quot;,&quot;and_rules&quot;:[{&quot;if_field&quot;:&quot;anzahl-cds&quot;,&quot;operator&quot;:&quot;equals&quot;,&quot;if_value&quot;:&quot;1 CD - Tradition \\u00dcberraschend Frisch&quot;}]},{&quot;then_field&quot;:&quot;gruppe-preis2&quot;,&quot;and_rules&quot;:[{&quot;if_field&quot;:&quot;anzahl-cds&quot;,&quot;operator&quot;:&quot;equals&quot;,&quot;if_value&quot;:&quot;2 CDs - Tradition \\u00dcberraschend Frisch&quot;}]}],&quot;settings&quot;:{&quot;animation&quot;:&quot;yes&quot;,&quot;animation_intime&quot;:200,&quot;animation_outtime&quot;:200,&quot;conditions_ui&quot;:&quot;normal&quot;,&quot;notice_dismissed&quot;:false,&quot;notice_dismissed_rollback-cf7-5.6.4&quot;:true}}\" \/><input type=\"hidden\" name=\"_wpcf7_recaptcha_response\" value=\"\" \/>\n<\/fieldset>\n<p><label> Vorname und Nachname*<br \/>\n<span class=\"wpcf7-form-control-wrap\" data-name=\"your-name\"><input size=\"40\" maxlength=\"400\" class=\"wpcf7-form-control wpcf7-text wpcf7-validates-as-required\" aria-required=\"true\" aria-invalid=\"false\" value=\"\" type=\"text\" name=\"your-name\" \/><\/span> <\/label>\n<\/p>\n<p><label> Adresse (Strasse und Nr.)*<br \/>\n<span class=\"wpcf7-form-control-wrap\" data-name=\"adresse\"><input size=\"40\" maxlength=\"400\" class=\"wpcf7-form-control wpcf7-text wpcf7-validates-as-required\" aria-required=\"true\" aria-invalid=\"false\" value=\"\" type=\"text\" name=\"adresse\" \/><\/span> <\/label>\n<\/p>\n<p><label> PLZ und Ort*<br \/>\n<span class=\"wpcf7-form-control-wrap\" data-name=\"plz-ort\"><input size=\"40\" maxlength=\"400\" class=\"wpcf7-form-control wpcf7-text wpcf7-validates-as-required\" aria-required=\"true\" aria-invalid=\"false\" value=\"\" type=\"text\" name=\"plz-ort\" \/><\/span> <\/label>\n<\/p>\n<p><label> E-Mail-Adresse*<br \/>\n<span class=\"wpcf7-form-control-wrap\" data-name=\"your-email\"><input size=\"40\" maxlength=\"400\" class=\"wpcf7-form-control wpcf7-email wpcf7-validates-as-required wpcf7-text wpcf7-validates-as-email\" aria-required=\"true\" aria-invalid=\"false\" value=\"\" type=\"email\" name=\"your-email\" \/><\/span> <\/label>\n<\/p>\n<p><label> Anzahl CDs<br \/>\n<span class=\"wpcf7-form-control-wrap\" data-name=\"anzahl-cds\"><select class=\"wpcf7-form-control wpcf7-select wpcf7-validates-as-required\" aria-required=\"true\" aria-invalid=\"false\" name=\"anzahl-cds\"><option value=\"1 CD - Tradition \u00dcberraschend Frisch\">1 CD - Tradition \u00dcberraschend Frisch<\/option><option value=\"2 CDs - Tradition \u00dcberraschend Frisch\">2 CDs - Tradition \u00dcberraschend Frisch<\/option><\/select><\/span> <\/label>\n<\/p>\n<div data-id=\"gruppe-preis1\" data-orig_data_id=\"gruppe-preis1\"  class=\"\" data-class=\"wpcf7cf_group\">\n\t<p>Preis: CHF 28.00 plus CHF 3.00 Porto<br \/>\nTotal: <b>CHF 31.00<\/b>\n\t<\/p>\n<\/div>\n<div data-id=\"gruppe-preis2\" data-orig_data_id=\"gruppe-preis2\"  class=\"\" data-class=\"wpcf7cf_group\">\n\t<p>Preis: 2 x CHF 28.00 plus CHF 3.00 Porto<br \/>\nTotal: <b>CHF 59.00<\/b>\n\t<\/p>\n<\/div>\n<p><label> Bezahlmethode<br \/>\n<span class=\"wpcf7-form-control-wrap\" data-name=\"bezahlmethode\"><span class=\"wpcf7-form-control wpcf7-radio\"><span class=\"wpcf7-list-item first\"><label><input type=\"radio\" name=\"bezahlmethode\" value=\"Rechnung\" checked=\"checked\" \/><span class=\"wpcf7-list-item-label\">Rechnung<\/span><\/label><\/span><span class=\"wpcf7-list-item last\"><label><input type=\"radio\" name=\"bezahlmethode\" value=\"Twint\" \/><span class=\"wpcf7-list-item-label\">Twint<\/span><\/label><\/span><\/span><\/span> <\/label>\n<\/p>\n<p><label> Bemerkung<br \/>\n<span class=\"wpcf7-form-control-wrap\" data-name=\"your-message\"><textarea cols=\"40\" rows=\"10\" maxlength=\"2000\" class=\"wpcf7-form-control wpcf7-textarea\" aria-invalid=\"false\" name=\"your-message\"><\/textarea><\/span> <\/label>\n<\/p>\n<p><input class=\"wpcf7-form-control wpcf7-submit has-spinner\" type=\"submit\" value=\"Senden\" \/>\n<\/p><div class=\"wpcf7-response-output\" aria-hidden=\"true\"><\/div>\n<\/form>\n<\/div>\n<\/div>\n","protected":false},"excerpt":{"rendered":"<p>Unser neustes Werk &#8222;Tradition &#8211; \u00dcberraschend &#8211; Frisch&#8220; ist verf\u00fcgbar!Bitte f\u00fcllen Sie das Formular aus, damit wir Ihnen unsere CD zustellen k\u00f6nnen. H\u00f6ren Sie hier ein &#8222;M\u00fcsterli&#8220; von unserer neuen CD: Jubil\u00e4umslied &#8211; Kinderjodelch\u00f6rli MosnangNach der Melodie von \u00abMay the Wellerman\u00bb Text: Jolanda Segm\u00fcller CD-Bestellformular<\/p>\n","protected":false},"author":1,"featured_media":0,"parent":0,"menu_order":0,"comment_status":"closed","ping_status":"closed","template":"","meta":{"footnotes":""},"class_list":["post-2080","page","type-page","status-publish","hentry"],"featured_image_src":null,"_links":{"self":[{"href":"https:\/\/staging.kinderjodelchoerli.ch\/index.php\/wp-json\/wp\/v2\/pages\/2080","targetHints":{"allow":["GET"]}}],"collection":[{"href":"https:\/\/staging.kinderjodelchoerli.ch\/index.php\/wp-json\/wp\/v2\/pages"}],"about":[{"href":"https:\/\/staging.kinderjodelchoerli.ch\/index.php\/wp-json\/wp\/v2\/types\/page"}],"author":[{"embeddable":true,"href":"https:\/\/staging.kinderjodelchoerli.ch\/index.php\/wp-json\/wp\/v2\/users\/1"}],"replies":[{"embeddable":true,"href":"https:\/\/staging.kinderjodelchoerli.ch\/index.php\/wp-json\/wp\/v2\/comments?post=2080"}],"version-history":[{"count":37,"href":"https:\/\/staging.kinderjodelchoerli.ch\/index.php\/wp-json\/wp\/v2\/pages\/2080\/revisions"}],"predecessor-version":[{"id":2381,"href":"https:\/\/staging.kinderjodelchoerli.ch\/index.php\/wp-json\/wp\/v2\/pages\/2080\/revisions\/2381"}],"wp:attachment":[{"href":"https:\/\/staging.kinderjodelchoerli.ch\/index.php\/wp-json\/wp\/v2\/media?parent=2080"}],"curies":[{"name":"wp","href":"https:\/\/api.w.org\/{rel}","templated":true}]}}